+ 2*x**2 - 2*x. Let y be q(1). Calculate the greatest common divisor of y and 165.
15
Let x(s) = -5*s**2 - 25*s + 2. Let r be x(-5). Suppose -r*z - 7*z + 45 = 0. Let b(j) = -50*j. Let l be b(-1). Calculate the greatest common divisor of z and l.
5
Let h be (16 + 0 - (-8 - -9))*7. Suppose -16*v - h = -21*v. Let a be 6*(-3)/(-4)*42. What is the greatest common divisor of v and a?
21
Suppose 5*a + 4*o + 7 = 223, 5*a + 3*o = 217. Calculate the greatest common factor of 1980 and a.
44
Suppose -3*q + 5*t - 6 = 0, 2*q - 7*q + t + 12 = 0. Suppose -q*u + u = -208. Let a be (2/3 - 217/(-21)) + 2. Calculate the highest common divisor of a and u.
13
Suppose -2*a - 12 = 4*n + 82, -2*a + 4*n - 110 = 0. Let k be -1 - ((-4)/(-2) + a). Calculate the highest common factor of k and 6.
6
Suppose 4*w - 58 = 166. Calculate the greatest common factor of 20 and w.
4
Let a = 75 - -69. What is the highest common divisor of 96 and a?
48
Suppose 3*n + 5*r = 962, 6*n - 8*n + 658 = -5*r. Calculate the highest common factor of 36 and n.
36
Let q be (-3 + 45/(-25))*-20. Suppose 5*x - 5*g = 125, 2*x - 3*g = 3*x - 17. Suppose 5*a - 83 = -x. What is the highest common divisor of q and a?
12
Let d be -9 - 759/(-88) - 326/(-16). What is the greatest common factor of 210 and d?
10
Suppose -2*c + 65 = 3*c + 5*m, 3*m - 53 = -4*c. Let s = -7 + c. Suppose -b + 8 = -s. Calculate the greatest common divisor of 6 and b.
3
Suppose k = 2*v - 3*k + 36, -v = 4*k + 48. Let a = 36 + v. Let h = 159 - 71. Calculate the highest common divisor of a and h.
8
Suppose 2*k = 5*i - 48, 2*i = 2*k - 8 + 26. Let t be 21 - (-8 - (2 - 11)). What is the highest common divisor of i and t?
10
Suppose -23*u = -21*u - 90. Calculate the greatest common divisor of u and 15.
15
Let j be (-1)/4 + 178*(-27)/(-24). What is the greatest common divisor of j and 150?
50
Suppose n = 3*n - 40. Let r be 6/39 - 334/(-26). Let w = n - r. What is the highest common divisor of 77 and w?
7
Suppose 2*u + 1 = u. Let a = 0 - u. Let g(m) = 38*m**2 - 3*m + 2. Let w be g(a). Calculate the greatest common factor of w and 111.
37
Let l be (11 + -10)/((-1)/(-35)). Calculate the greatest common factor of 70 and l.
35
Suppose -21*h + 495 = -19*h + 5*i, 0 = 2*h - 4*i - 540. What is the highest common factor of h and 100?
20
Let u(r) = -r - 3. Let w be u(-8). Let q = 0 + 7. Let j(s) = 2*s**2 - 9*s - 10. Let n be j(q). What is the highest common factor of w and n?
5
Let s(y) = -5 + y + 37*y**3 - 2*y**2 + y + 4. Let i(t) = -3*t + 22. Let l be i(7). Let w be s(l). What is the greatest common factor of 9 and w?
9
Suppose -2*g = 5*g - 28. Suppose 3*k + 5*q = 211, -2*k = 2*q - g*q - 146. Calculate the highest common divisor of k and 24.
24
Let o(s) = -3*s**2 + 31*s - 22. Let b be o(9). Calculate the highest common divisor of b and 6.
2
Let u be 8*(6 - (0 - -2)). Suppose -i = -u + 8. Let y be i - (-2)/3*3. What is the greatest common divisor of y and 13?
13
Let i(n) = 40*n**2 + 6*n + 15. Let d be i(-3). Calculate the highest common divisor of 153 and d.
51
Suppose -3*i - 20 = -7*i. Suppose 2*g + l = 7, g - l + 0*l + 4 = 0. Calculate the greatest common divisor of i and g.
1
Suppose 62 = 2*x + 2*a, 0*x = -3*x + 5*a + 101. Let q = -141 + 123. Let o = x + q. What is the highest common factor of o and 14?
14
Suppose -y + z + 150 = 0, -6*y + 2*z + 608 = -2*y. What is the highest common factor of y and 14?
14
Suppose 46*m = 53*m - 280. What is the greatest common factor of 125 and m?
5
Suppose 3*p = 5*t + 317, 3*t = -9*p + 10*p - 111. What is the highest common divisor of p and 231?
33
Let q = -143 - -213. Let z(s) = 20*s - 71. Let f be z(7). Let u = f - 59. What is the highest common factor of u and q?
10
Suppose -2*m + 5*h = 1, 0 = -4*m - 4*h + 13 + 27. Suppose 41 = 3*f + 3*r - m, -92 = -5*f - r. Calculate the greatest common divisor of 171 and f.
19
Let s = 50 + 7. Suppose -2*u + 0*u - s = 3*q, u + q = -31. Let k = -22 - u. Calculate the highest common factor of k and 56.
14
Suppose -4*b + 97 + 176 = 5*x, 147 = 2*b - x. Calculate the highest common divisor of b and 3384.
72
Let k(f) be the first derivative of -f**3/3 - 7*f**2/2 - 13. Let x be k(-5). Calculate the greatest common divisor of x and 100.
10
Suppose -c + 3*c - 6 = 0, -5*t = 3*c - 44. Let h(p) = p**3 - 7*p**2 + 7. Let k be h(t). Suppose -k = -4*s + 1. What is the greatest common divisor of 4 and s?
2
Let z = 27 + -31. Let x(i) = i**3 + 6*i**2 + 2*i - 8. Let r be x(z). Calculate the greatest common factor of 4 and r.
4
Let v(a) = 75*a**2 - a + 1. Let y be v(1). Suppose -83*l = -107*l + 600. Calculate the highest common divisor of l and y.
25
Let b be 22 - (-1 + (4 - -2) + -3). Calculate the highest common divisor of 370 and b.
10
Let z(b) = b**2 - 7*b + 40. Let k be z(10). Let q(d) = -d**2 + 8*d - 5. Let t be q(5). What is the highest common divisor of k and t?
10
Suppose 3*s - 7 = 2. Suppose -4*l = -s*r + 4, -2*l + 4*r + r - 16 = 0. Suppose -119 - 241 = -l*a. Calculate the greatest common factor of a and 20.
20
Let j(f) = f**2 + 31. Let v be j(0). Suppose 0 = 50*q - 34*q - 2480. Calculate the greatest common factor of q and v.
31
Suppose 3*q - 294 = -2*q - 3*l, q - 51 = 2*l. Calculate the highest common factor of q and 285.
57
Suppose 0 = -42*m + 31*m + 22. Calculate the highest common factor of m and 18.
2
Let l be 6/(-45) - (23072/60)/(-4). What is the highest common factor of l and 6?
6
Suppose -25 = -8*u + 119. Let f(w) = -13*w - 6*w + u*w + 7. Let h be f(6). Calculate the highest common divisor of h and 3.
1
Let m = -31 - -36. Let p(c) = -c**2 + 7*c - 4. Let x be p(m). Calculate the greatest common factor of x and 6.
6
Let a(z) = -12*z + 105. Let n be a(-4). Calculate the highest common factor of 54 and n.
9
Let t be (-19)/(25/100*(-1 + -1)). Let r be 914/6 - (-8)/(-24). Calculate the greatest common factor of t and r.
38
Suppose -3*d - 45 = -5*q, -3*q + 5 - 2 = 3*d. Let k(t) = 5*t + 26. Let h be k(q). Calculate the greatest common divisor of h and 7.
7
Suppose -30 = -2*r + 12. Suppose 2*w = -2*l + 16, -5*w + l = -4*w + 2. Calculate the highest common divisor of w and r.
3
Suppose -8 = z + 45. Let x = z + 75. What is the highest common factor of 11 and x?
11
Suppose -4*h = 2*u - 296, 2*u - 72 = -2*h + 220. What is the greatest common divisor of 20 and u?
4
Let u = 14 + 309. Calculate the highest common divisor of u and 17.
17
Let g = 1158 - 1124. What is the highest common divisor of g and 289?
17
Let x(w) = -11*w**2 + 135*w - 21. Let h be x(12). Calculate the highest common factor of 215 and h.
5
Suppose 0 = -30*o + 40*o - 1330. Calculate the greatest common divisor of o and 437.
19
Let o be (595/15)/(-3 + (-356)/(-120)). Let g be (-2 - (-32)/18) + o/(-90). Calculate the greatest common factor of g and 117.
13
Let s be 45/1 + (-48)/72*(-45)/(-6). Let a = 30 + -20. What is the highest common factor of a and s?
10
Suppose 4*z + 5*j - 43 = -0*j, 0 = 4*z + 4*j - 40. Let k be 2 - 16/z - 704/(-14). What is the highest common divisor of 2 and k?
2
Let x = -155 + 220. Let d be (39/(-24)*-2)/((-2)/(-8)). What is the highest common divisor of x and d?
13
Let l(b) = 52*b - 132. Let x be l(3). What is the greatest common factor of x and 64?
8
Let j be ((-6)/5)/((-3)/(-15)). Let p(h) = -6*h - 9. Let y be p(j). Let t(a) = 2*a + 8. Let z be t(5). What is the highest common divisor of y and z?
9
Let q(k) = k**3 + 25*k**2 + 19*k - 72. Let j be q(-24). What is the greatest common factor of 256 and j?
16
Suppose 0 = 5*c + 3*y - 264, -3*c + 0*c - 3*y + 156 = 0. Let q = -269 + 296. Calculate the greatest common factor of q and c.
27
Let w(x) be the third derivative of -x**4/24 - 11*x**3/6 + 3*x**2. Let j be w(-21). Calculate the highest common factor of 90 and j.
10
Suppose 5*s - 28 = -2*r, 0 = 4*s + r - 16 - 4. Suppose -s*k - 17 + 125 = 0. Calculate the highest common divisor of 9 and k.
9
Let z(q) = 26*q**2 - 17*q - 6. Let u be z(-2). Calculate the highest common divisor of u and 44.
44
Let s(b) = -10*b + 4. Suppose 5 - 44 = -3*n. Suppose -11 = 5*y + 4*z, -2*y - n = y - 4*z. Let x be s(y). Calculate the greatest common factor of x and 85.
17
Suppose 0 = -96*p + 91*p + 30. Calculate the highest common divisor of 702 and p.
6
Let t(f) = 3*f + 49. Let v be 1*5*(5 - (-84)/(-35)). Let w be t(v). What is